30
Evaluate (3 - 13) + 17 + 2.
9
What is 3 + 0 - (-134 + 150)?
-13
What is 19 - -1 - (135 + -139)?
24
Evaluate (-7 - (-22 + -3)) + -25.
-7
What is the value of -13 - 42 - -33 - -12?
-10
Evaluate 1 - (29 + 0 + -32 + 3 + 20).
-19
Calculate 109 + -109 - (1 - 12).
11
Evaluate -1 - (-14 - -14 - 13).
12
Evaluate -6 - (-10 + 5 + 12 - (-2 - -7)).
-8
-8 - (-14 - 9) - 5
10
-21 + (11 - -12) + -3 + 0 + 1
0
6 + 7 + -5 - (3 + (5 - -11))
-11
5 + -1 + -12 + -3 + -1
-12
Calculate -4 + 7 + -8 - ((-14 - 3) + 3).
9
Calculate 7 + -22 + 30 + -13.
2
What is 4 + -10 + 0 + -6 + 7?
-5
14 + -16 - (-1 + 6) - -9
2
Calculate (16 - 31) + 19 - -3.
7
Evaluate 2 + -6 + 11 + (4 - (10 + -1)).
2
2 - -1 - 2 - (79 - 73)
-5
Calculate 4 + (-8 - -1) + 9 + 7.
13
Calculate 33 - ((37 - 42) + 10).
28
-3 - -22 - 2 - (10 + (-11 - -2))
16
20 - (6 + 4 - -2)
8
Evaluate -13 + (16 - (9 + -6)) + -3.
-3
Evaluate -8 + (-40 - -38) + 4.
-6
What is -1 - 1 - -7 - (20 - (-13 + 16))?
-12
-10 + (-14 - (-33 - -21))
-12
What is the value of 0 + (12 - 6) + (-5 - (14 + 2))?
-15
(0 - 15) + (2 - -6 - -5)
-2
Calculate 28 + 18 + -58 - -49.
37
Evaluate 5 - (8 - (0 + 3 - (-138 - -133))).
5
What is (3 + -6 + 21 - 5) + (0 - -2)?
15
What is 6 - (-16 - -22) - (-4 - 4)?
8
What is the value of -11 + 28 + (-10 - 4)?
3
-5 + 3 - (-17 + 25) - -36
26
(-3 - -4) + -4 - (3 - 5 - -15)
-16
What is (9 - (3 - 2)) + -33 + 25?
0
What is the value of -239 + 232 - (0 + -10)?
3
Evaluate (15 - 9) + -5 + -6.
-5
What is (-11 - 1) + 3 + (-95 - -92)?
-12
Calculate 2 - (1 + -5 - (-4 + 16 + -12)).
6
What is the value of (-6 - 1) + (9 - 24) + 16?
-6
Evaluate -14 + 10 + -23 + 37.
10
Evaluate 6 + 26 + (-8 - -10) + 6 + -15.
25
What is ((3 - -2) + -2 - 11) + -5?
-13
Calculate 0 + 1 + -5 + 16 + -23.
-11
Evaluate 18 - (299 + -303 - (0 + 2 + 2)).
26
What is (-8 - 2) + 66 + -67?
-11
-20 + (-35 - -20) + 42
7
What is -63 + 44 - (-2 - (-1 + (4 - 3)))?
-17
Evaluate -12 - (-17 - 5) - 3.
7
What is the value of -9 + -1 + (-5 - -4) + 3?
-8
What is 26 - (2 - 19 - -51)?
-8
Evaluate -41 + (11 - -13) + -18.
-35
What is the value of 33 - (-32 + 13 + 24)?
28
What is 13 - (3 - -6) - 5?
-1
What is (7 - -7) + -1 + -7 - 24?
-18
Calculate 1 + -8 + (-9 - -7 - -3) + 5.
-1
Calculate 19 + (4 - 12) + (-1 - 1).
9
(23 - (11 - -3)) + -25 + 4
-12
Evaluate (7 - 17) + (7 + -5 - (-8 + -4)).
4
(7 - (10 + 19)) + (9 - (0 - -3))
-16
What is (5 - (3 + -3)) + 0 + (-1 - 2)?
2
What is the value of 15 + -17 + -1 + (0 - 11)?
-14
2 + -4 + 4 + -5 + 1
-2
(4 - -8) + -17 + (9 - -4)
8
25 - (30 + -46 + 18)
23
What is the value of (8 - ((-8 - -1) + 17)) + -6?
-8
Evaluate -11 - ((21 + -14 - 14) + -2).
-2
What is (28 - (28 + 10)) + -1?
-11
21 - (17 + -15 + 28)
-9
17 - (-14 + -3 + 7) - 10
17
What is the value of -1 + 0 - (-135 - -125) - (33 - 2)?
-22
What is -6 + -1 - (-4 - -14 - 23)?
6
Calculate 28 - 44 - -6 - -7.
-3
15 + (-3 - 11) - 3
-2
Evaluate 6 + -11 + 11 + (0 - (-1 + 2)).
5
What is -10 - (-4 - (7 - 2 - (2 - 32)))?
29
What is -10 + (0 - (-1 + (8 - 7)))?
-10
146 + -152 + (1 - 14)
-19
What is 4 - (10 - (3 + -1 + (1 - 6)))?
-9
Evaluate -16 - (-13 - -29 - (-3 - -34)).
-1
Calculate -16 + (8 - (3 + -11)).
0
8 + (24 - 11 - 34)
-13
1 + (-7 - 4) - -18
8
(16 - 27 - 11) + 43 - (0 + -1)
22
What is the value of 0 + 2 + -6 + 22 + 6 + -5?
19
Evaluate (8 - 16) + 9 + (-2 - (2 + -22)).
19
Calculate -4 + -9 + -12 + 23 + -9 + -2.
-13
What is 4 - (3 - (1 + 3)) - 18?
-13
What is -61 + -35 + -13 + 84?
-25
What is -27 - -15 - (2 + 12 + (-11 - -7))?
-22
What is the value of 7 + -13 + 4 + (5 - 0) + -3?
0
Calculate 46 + (-27 - 37) + (-16 - 1).
-35
What is the value of -1 + 17 + (-57 - -52)?
11
Calculate -1 - (-9 + 13 + 11 + (4 - 3)).
-17
What is (-48 - (9 + -46)) + 30 + 0?
19
-13 + (-5 - (2 + (-16 - -4)))
-8
What is -2 - (-4 + -2) - (30 + (3 - 26))?
-3
Evaluate 11 - (-25 + 8 + 2 + 7).
19
What is the value of 0 - (1 - (-5 - (-8 - -4)))?
-2
Evaluate -19 - (-3 + 14 - (-15 - -28)).
-17
(12 - -4) + -3 + 0 + -4
9
(23 + -6 - (30 + 8)) + 11
-10
What is the value of (-32 - (-6 + -2 + 0)) + (2 - -6)?
-16
((10 - 14) + -1 - -41 - 6) + -7
23
What is the value of 319 + -329 + 4 + -3 + 41?
32
Evaluate -26 + 2 + (-16 + 12 - -10) - -3.
-15
Evaluate 1 + -8 + -10 + (9 - 10).
-18
(7 - 0) + (-318 - -315)
4
Calculate -17 + (4 + 4 - 2).
-11
What is the value of 15 + (-10 - -5) - (-5 - 3 - -6)?
12
Calculate 2 + -3 + -1 + (0 - (-7 + 1)).
4
What is the value of -224 - -220 - (0 - (1 + -8))?
-11
What is (4 - 2 - 6) + (16 - (-28 - -48))?
-8
Evaluate 32 - (-30 + 65) - (-8 + 0 + 2).
3
What is the value of (0 - -17 - 0) + (-4065 - -4032)?
-16
Evaluate 0 + (9 - ((-9 - -13) + -4)).
9
What is the value of 8 - (3 + 6 + 4 + -9)?
4
20 - (0 - (-23 - -5))
2
Evaluate 0 + (-1 - 10 - 13).
-24
What is the value of -31 + 28 + 12 - (-1 - -25)?
-15
What is the value of 18 + -10 + 5 + -6 + 10?
17
Calculate -8 + (-17 - -13) + 15.
3
-8 + 7 + (10 + -5 - 7) + -4
-7
15 - (21 + -29 - -32)
-9
Calculate 603 + -619 - (-11 - -1).
-6
What is 21 + -28 + 19 - 10 - (21 + 1)?
-20
-16 + 8 + 12 - (14 + -5)
-5
What is 9 - (-8 + 2) - (1 - -2 - 0)?
12
What is -60 - (10 + -40 - 7)?
-23
Calculate (-12 - 1) + (14 + -47 - -24).
-22
What is -2 + 17 + -92 + 82 + (-1 - 0)?
4
0 + (38 - (5 + 3))
30
What is the value of -2 + (1 - (-4 - (0 + -9)))?
-6
What is the value of (-7 - (21 + 0)) + 71 + -61?
-18
Calculate (8 - 10) + 16 + -17.
-3
What is 3 + (-4 - -7) + (6 - 16)?
-4
What is -367 + 357 + 1 + 1 - -24?
16
Calculate 2 + 3 + (-10 - 19) + (0 - -2).
-22
What is the value of -28 + 21 - (3 + -1 + -1)?
-8
-11 + (-14 - (-30 - -6))
-1
What is -4 + -2 + -9 + (-7 - -46)?
24
Calculate 12 + 9 + -3 + -4 - -6 - 4.
16
Calculate -11 + (34 - 26 - ((13 - 3) + 3)).
-16
What is the value of (-4 + -12 - -5) + 5?
-6
(7 - 0) + (-4 - 2) + 2 + 15
18
What is the value of (-3 - -4 - -8) + 1 + -10?
0
Evaluate -2 + 0 - -9 - (-2 + 11).
-2
What is the value of -54 + 59 + (7 - (-3 - -4) - 0)?
11
Evaluate (9 + -4 - -4) + -14.
-5
Evaluate 1 + (-5 - (-2 - -16)) - (157 + -165).
-10
Evaluate (-6 + -3 - -2 - -17) + -19.
-9
What is -19 - (-59 + -10 + 17)?
33
Evaluate -15 + 7 + (-10 - -9) - -8 - 3.
-4
What is the value of 0 - -9 - (14 - 32 - -12)?
15
What is the value of 11 + -26 + 18 - -8?
11
Evaluate 9 + (9 - 19) - (31 + -38).
6
Evaluate -112 + 161 - (26 - -4).
19
Evaluate (12 - 0) + -93 + 87 + -3.
3
Calculate 0 + -16 + (279 - 276).
-13
What is the value of (24 - 50) + 59 - 49?
-16
-1 - (-6 - 10) - 1
14
What is the value of (4 - (4 + 0)) + 23 + -25?
-2
7 - (0 + -5 - -16)
-4
Evaluate 1 + -1 - (6 + (14 - (-1 - -6))).
-15
Calculate -13 + (182 - 180 - (17 + -1)).
-27
What is -11 + (42 - 28) + -12?
-9
Calculate -12 + 33 - (-10 + 15 - (7 - 1)).
22
What is the value of -13 + -10 + 1 - -15?
-7
What is the value of -7 + 2 + 7 + -18 + 11?
-5
Evaluate 13 + -3 - 22 - (-19 - -28).
-21
What is the value of 69 + -58 + (2 - 15)?
-2
Evaluate 26 + -6 - 13 - (23 - 6).
-10
Evaluate (-5 - (0 - -1)) + (-1355 - -1382).
21
Calculate 2 - (2 - 7 - (-9 - (-10 - -2))).
6
What is the value of 9 + (-5 - (-10 - -16)) - 0?
-2
What is 1085 - 1056 - ((1 - -6) + -1)?
23
What is the value of -2242 + 2249 + (-1 + -33 - 2)?
-29
Evaluate 6 + (-21 - -5) + 8.
-2
10 + -2 + (-148 - -148)
8
What is the value of -19 + 0 + (61 - (113 + -46))?
-25
What is the value of (2 - (-2 + 15)) + (21 - 6) + -14?
-10
Calculate (-4 + -1 - 8) + (-2 - -11).
-4
Evaluate -4 + (-9 - -11) - -3 - 7.
-6
Evaluate (3 - -3) + (7 - ((-4 - -30) + -10)).
-3
(0 - -16) + 5 + 2 + (79 - 79)
23
Calculate -9 + 3 + -3 - ((2 - 2) + 3).
-12
Calculate -5 - (5 + -6 + -6 + 16).
-14
Calculate 0 - 2 - (60 + -58).
-4
8 + (-1 - 25) + 6
-12
(-423 - -415) + -1 + -8
-17
-33 - (-37 + (-17 - -2))
19
Evaluate 4 + -32 + 31 + (2 - 4).
1
Calculate -91 + 40 - -49 - (0 - (-3 - 1)).
-6
-23 + -2 - -4 - -7
-14
(-23 + 13 - (-2 + -1)) + -2 + 13
4
-3 + -4 + -1 - -5 - (0 + -4)
1
What is (24 - 31) + 14 + (1 - -2)?
10
What is 4 - (1 - (4 + -7 - -4))?
4
Calculate -7 + (-9 - (-14 - 5)) + 11.
14
What is 45 - 46 - (21 + 0 + -1)?
-21
(-6 - (4 + -8)) + 9 - (0 + 1)
6
Evaluate (1 - (-4 - -34)) + 1 + 2.
-26
What is -16 + (24 - (13 - (9 - -3)))?
7
What is the value of -24 - -5 - (-10 - (3 - 19))?
-25
What is the value of 0 - (-8 - (-6 - (-5 + 9)))?
-2
What is -1 + (-4 - -2) - ((-32 - -67) + -24)?
-14
What is the value of (28 - (-2 + -6 + 12)) + -11